Evaluate -1 - (-3 + (2 - -1) + 1).
-2
What is the value of -5 - (-1 - (4 - 1))?
-1
-5 + (8 + -3 + -2 - 2)
-4
What is -3 + 2 - (-3 + 1) - 5?
-4
0 - (-7 + -5 - -6)
6
Calculate -2 + (-4 - (0 - 5 - -1)).
-2
Evaluate (8 - 7) + (-4 - -1).
-2
1 + 1 + -8 + 9
3
What is -13 + 18 - (1 + -1)?
5
0 + -4 + (3 - 1) + 5
3
What is 6 + -7 - (-2 + 1 + -1)?
1
What is the value of 3 + 4 + -8 - -5?
4
What is 2 + (10 - 18) + 3 + 1?
-2
What is (-2 - -14) + (-2 - 5)?
5
Evaluate 1 + -3 + 0 + 6.
4
Evaluate 4 - (9 - 3 - -2).
-4
Evaluate 6 + (-1 - (-1 - 4)) + -10.
0
What is the value of 0 + -6 + (17 - 4) - 1?
6
Evaluate -3 - (4 - 4) - -3.
0
-2 + 4 + 1 + -13
-10
What is -3 - -1 - (1 - 0)?
-3
12 - (-6 + -3 - -15)
6
Calculate 24 - 21 - (0 - 3 - 3).
9
4 + -2 - (-1 + 3 - 2)
2
Calculate -3 - 4 - -4 - -3 - -4.
4
Evaluate (-1 - (-5 + 12)) + 9.
1
Evaluate -1 + 1 - (2 + -5 + 0).
3
What is the value of -4 + 8 - (4 - -2)?
-2
Calculate -10 - -17 - 9 - -5.
3
10 - (5 - -12 - 7)
0
2 + (16 + -8 - 20)
-10
-9 + 0 - ((42 - 22) + -28)
-1
What is -3 - (9 + -12 + 3 + -1)?
-2
What is -6 + (7 - -7) + -8?
0
Evaluate (-4 - -6) + -6 - 1.
-5
4 + (3 + -1 - -1 - 2)
5
What is the value of (1 - 3) + (0 - 6)?
-8
Evaluate -1 + -1 + 1 + (0 - -2).
1
1 + 6 + 117 + -127
-3
Evaluate 4 - (10 - (4 - 1)).
-3
What is the value of 11 + (2 - 5) + -6 + 0?
2
Evaluate -9 - -9 - (-2 - (3 - 0)).
5
What is (2 - 11) + 0 + 6 + -2?
-5
Calculate -5 + 8 - 1 - 7.
-5
Evaluate 3 + (-1 - 2 - -1).
1
What is the value of -3 + -4 + (9 - 7)?
-5
2 + 1 + (2 - (1 - -1))
3
Evaluate 3 + (-2 - (-7 - -1)) + -3.
4
Evaluate (5 + -4 - 3) + 6.
4
Calculate -1 - (7 + -5 + 0).
-3
7 + 2 + -9 + -3
-3
What is -13 + (-3 - -15) - -4?
3
Calculate 7 - (7 - (-3 + 5)).
2
Calculate -12 - (-12 + 2 + 4).
-6
What is 3 - (-1 + 0 + 1)?
3
What is the value of -6 + (-3 + 0 - -2 - -3)?
-4
Evaluate 2 + (1 - 6 - -4).
1
What is 4 + (1 + 4 - (5 + 2))?
2
Calculate (3 - 1) + -5 - 0 - -1.
-2
8 - (-2 - (-13 + 8))
5
Evaluate 0 - (-3 - (1 - -1)).
5
What is (4 - 2) + 1 + -4?
-1
129 + -127 - ((1 - 0) + -2)
3
What is the value of 0 + (-3 - (-4 - -1) - 1)?
-1
What is the value of 8 - (-1 - (-9 + 7))?
7
Calculate (1 - -3) + (-3 - (-5 + 4)).
2
Calculate 2 + 2 + (5 - 3) + -5.
1
Evaluate 0 + 0 + (4 - 0).
4
What is (-6 + 17 - 7) + -8?
-4
What is 0 + -4 + 9 + -5 + 5?
5
Evaluate 3 + 2 + (-14 - -2).
-7
Evaluate 2 - ((4 - (-1 + 7)) + 4).
0
Calculate (0 - 1) + (4 - 6) - 2.
-5
What is -9 + 6 + 5 + 0 + -7?
-5
Evaluate -1 + (2 + 2 - 4).
-1
Evaluate 2 + -3 + -4 + 1 + 2.
-2
Evaluate 16 + -17 - (-1 + -2).
2
What is 6 - 1 - (2 + -2)?
5
Calculate -6 + 1 + -1 - -10.
4
What is the value of 4 + -3 + 2 - -2?
5
What is 8 + 2 + 0 + -8 + 4?
6
What is the value of (3 - -2 - -2) + (24 - 26)?
5
What is 5 + 6 + 2 + -3?
10
What is (4 - 4) + (6 - 0) + -3?
3
Calculate 3 - (9 + -10 + -3).
7
What is the value of -13 + 6 + -1 + 5 + 0?
-3
5 + 2 + 1 - (1 + 8)
-1
What is 3 - (-4 - -1 - -3)?
3
Evaluate -2 - -4 - (-33 - -40).
-5
What is the value of 6 + 0 + -6 - 4?
-4
Calculate (0 - -8) + (1 - 5).
4
What is -7 - (-1 + (-3 - -2))?
-5
-4 + 5 + 2 + -2
1
7 + -5 + 1 + -4
-1
(-7 + 2 - -14) + -9
0
-7 + 4 + (3 - 2) + -1
-3
What is 26 - 26 - (-1 + 1 + 2)?
-2
Calculate 4 - (-3 + (0 - -4 - 5)).
8
What is the value of -31 + 36 + -10 + 2 + -2?
-5
3 + 3 + 1 + -2
5
Calculate (-6 - 1) + 5 + -1.
-3
Evaluate 6 + 6 + (5 - 22).
-5
What is -1 + -6 - (1 - 10)?
2
Evaluate 0 - -2 - (3 + 1) - -6.
4
Calculate 2 + (0 - (0 + 0)) + 3.
5
Evaluate -10 + 10 + -1 + 1 + -1.
-1
What is the value of 2 + -1 + 1 - (1 - -2)?
-1
8 + -4 - 7 - -6
3
Calculate 5 - ((-3 - 1) + (-4 - -11)).
2
Calculate (-25 - -20) + 0 + 8.
3
What is 2 + -2 + 4 + 1?
5
-2 + 0 - -1 - (66 - 67)
0
-26 - (-12 + (-8 - -5))
-11
Evaluate (-4 - 1) + 93 + -90.
-2
Evaluate 281 + -294 + (-1 - (-6 - 1)).
-7
What is the value of -36 + 44 + 0 + -11?
-3
Evaluate -4 + 20 + -12 + 0 + 2.
6
What is the value of (-4 - (-6 - 3)) + -11?
-6
What is the value of -4 - ((-16 - -22) + -1 + -17)?
8
What is the value of -7 + 4 - (-3 - -4)?
-4
What is the value of 3 - ((1 - 5) + 6 - -3)?
-2
Calculate -1 - (6 + -2 - -7) - -7.
-5
What is 0 + (-6 - -1) - 5 - -5?
-5
Evaluate -4 + 8 - (5 - -1).
-2
Evaluate 3 + (2 - (-2 + 2) - 4).
1
4 + -3 + 3 + 2 + -1
5
What is -7 + 1 + 13 + -5 + 2?
4
What is the value of -1 - (3 + -5 + -1 + 3)?
-1
Calculate (7 - (-2 - -1)) + -11.
-3
What is (-12 - (6 - 12)) + (-6 - -17)?
5
Calculate (1 - (-1 + -7)) + (-2 - 1).
6
9 + -6 - ((-1 - -3) + -2)
3
What is the value of (-3 - -3 - 0) + -9?
-9
What is (-2 - (-5 + 0)) + 0?
3
What is the value of 6 + (-5 - -3) + 1 + -3?
2
5 + -3 + -7 + 4
-1
Evaluate 4 + -3 + (-1 - 0).
0
Evaluate (4 - (4 - (-4 - -8))) + -3.
1
-1 - (4 - (1 + 3))
-1
22 + -6 + -3 + 8 + -11
10
Calculate (6 - 4) + 0 + -7.
-5
5 + 0 + -1 + 1
5
What is the value of -12 + 4 + (-31 - -36)?
-3
Calculate 1 + 2 + (-3 - -3).
3
Evaluate (-10 - -5) + 13 + 9 + -9.
8
What is -8 + (-35 - -52) + 2 + -2?
9
What is 4 + -4 + (3 - 10 - -3)?
-4
3 + -3 + -2 + (-2 - -4)
0
(-9 - -10) + (1 - 2)
0
Calculate (-1 - (7 - 4)) + 2.
-2
What is -3 - (18 + -8 - 6)?
-7
What is -67 + 65 - (-1 + -1 - 1)?
1
What is -5 + -5 + (3 - -2) + 5?
0
What is -5 - (-11 + 9 + -6)?
3
-7 - -5 - (-4 - -4 - -6)
-8
Evaluate (-1 - (0 + 1)) + -3.
-5
Evaluate (-8 - -5) + (0 - 0) + 2.
-1
(2 - 10) + (-13 - -27)
6
Calculate 8 - 7 - (1 - 3 - 2).
5
Calculate 3 + 0 - (-8 + 8).
3
What is (-15 + 6 - -2) + 7?
0
What is the value of -39 - -39 - (-4 + 4)?
0
What is the value of -6 + -5 + 12 - (-2 - 1)?
4
What is the value of -27 - (9 + -23) - -6?
-7
What is (3 + 5 - 8) + (-2 - 3)?
-5
Evaluate 7 + 3 + -7 + (1 - -2).
6
What is 0 - (-1 + -3) - (0 + 6)?
-2
Calculate -6 + 3 - (3 - (-5 + 14)).
3
What is -2 - (-1 - -4 - 0)?
-5
Evaluate (0 - (-7 + 4)) + 2.
5
What is the value of (12 - 18) + (-2 - -2) + 3?
-3
Evaluate -1 - 4 - (8 + -21).
8
Evaluate 2 + -1 - (2 - 3) - 0.
2
What is (-4 - -8) + 5 + -5?
4
What is the value of (-2 + -1 - -2) + -10 + 8?
-3
Evaluate 0 + -6 + 3 - -8.
5
Calculate 2 - (2 + (-1 - 3 - -8)).
-4
Calculate 0 + 1 + (-7 - -4) + 2.
0
Evaluate -8 - (-16 - (11 - 21)).
-2
What is the value of 11 - 11 - (4 - 5)?
1
What is 1 - 5 - (8 + -5 - 6)?
-1
What is (-8 - -6) + (9 - 2) + -2?
3
What is -2 - (-3 + (2 - -1))?
-2
Calculate 1 - (8 - (0 + -2) - 3).
-6
Calculate -9 + 2 + 0 - -2.
-5
What is -3 + -3 - (15 - 26)?
5
What is the value of -2 - (5 + (3 + -7 - -1))?
-4
What is the value of (-1 - 0) + -3 - 0?
-4
Calculate -2 + 1 + (7 - 8) + 3.
1
Calculate -1 - 1 - (0 + 3).
-5
Evaluate -9 + (-7 - (-12 - 1)).
-3
Evaluate 7 + 5 + (6 - 10 - 0).
8
Calculate 6 + -3 + (1 - 2) + 3.
5
Evaluate (2 - 5 - -11 - 5) + -6.
-3
Evaluate (-9 - -8) + (-3 - -1).
-3
Calculate 1 + -1 + 1 - (111 + -111).
1
What is 5 + 4 + -19 + 9?
-1
What is the value of 5 - 1 - (3 + -1)?
2
Evaluate -22 + 32 - (3 + 14).
-7
Calculate (32 - 25) + (0 - (0 + 6)).
1
Evaluate -3 + (0 - (0 - 3)).
0
What is 0 - (-12 + 6) - 10?
-4
Evaluate (1 + -1 - (51 - 51)) + 7.
7
What is 6 - -3 - 0 - 6?
3
What is -3 + -6 + (-4 - -5)?
-8
Calculate 6 + -1 + 11 + -11.
5
What is -5 + 11 - (10 + -3)?
-1
What is the value of 3 + 0 + (58 - 58)?
3
Calculate -1 - (-2 + 3 + 4 + -4).
-2
What is (-3 - (-2 + 1)) + -2 + 0?
-4
What is (3 - 0) + (12 - 8) + -6?
1
What is 0 - 4 - (-23 + 20)?
-1
What is 25 + -23 + (2 - -1) + -1?
4
6 + ((4 - 9) + -1 - -4)
4
What is the value of 8 + (5 - 0) + -9?
4
Calculate -1 + -4 + 11 + (1 - 5).
2
Calculate 0 + -2 + 7 + 9 + -10.
4
What is (2 - (0 + (-6 - -6))) + -2?
0
Calculate -6 - (-1 - 0) - (0 + -4).
-1
What is the value of 19 + -11 + -12 + (-1 - -3)?
-2
Calculate 0 + 0 - (18 - 13).
-5
What is 2 + 3 + (-7 - -2) + -5?
-5
What is the value of 4 - (-5 - (-19 - -7))?
-3
What is the value of 71 + -60 - (0 - 4) - 7?
8
10 + -6 + (-4 - 4)
-4
Evaluate (1 - 5) + (-15 - -17 - -6).
4
What is -12 + (1 - (3 + -11))?
-3
1 - (1 - 0) - (-9 + 4)
5
What is 4 - -10 - (5 + 2)?
7
Evaluate (-1 - 4) + 1 + 3.
-1
Calculate -3 + 7 + 1 + -1.
4
What is the value of 0 - (5 - (0 - -1))?
-4
Evaluate (21 - 11) + -18 + 2.
-6
Evaluate (-1 + 2 - 3) + 5.
3
What is 3 + -3 - -1 - (3 + 2)?
-4
What is (-4 - -1 - 3) + 5 + -1?
-2
What is the value of 30 + -37 + 2 + -1 + 0?
-6
Evaluate 11 - (-6 + 0 - (-40 + 28)).
5
-3 + 5 + -7 + 5 + 0
0
Calculate (3 - 3 - 3) + (1 - 2).
-4
(2 - 3) + (-1 - -4) - -2
4
What is the value of -4 + (4 - 1) + 3 - -1?